91) + (-2)/(-13). Let q be 4/(-38) + 672/(-114). Is k/4*(-3)/q*4 a prime number?
True
Suppose 2*w = 12411 + 17587. Suppose -w - 10963 = -6*m. Is m a composite number?
False
Suppose -2*o - 4*x + 627086 = 0, -3*x = -5*o - 616453 + 2184090. Is o a composite number?
True
Let h = -169924 + 292973. Is h prime?
True
Suppose 5*v = -0*d + 4*d + 45, -40 = -5*v + 3*d. Suppose v*w - 6*w = l - 5223, 2*w - 15665 = -3*l. Is l a prime number?
False
Let p be 9/(-3)*(3 - 2). Let m be 2 + -7 + 1 - p. Let d(o) = -1655*o + 2. Is d(m) composite?
False
Let z = 234630 + -109987. Is z prime?
True
Let o(s) = s + 1069. Suppose -4*u = -5*g - 15, -u = -30*g + 29*g - 3. Is o(u) a composite number?
False
Suppose -4*y = 8, 14*y = -4*q + 10*y + 1486908. Is q a prime number?
False
Let d = 145 - 140. Let c be 0 + 2 - (1 + -4). Suppose -d*r - 1353 = -c*z + 2557, 5*z = -2*r + 3945. Is z prime?
True
Suppose 5*d = z + 13, 4*d + 0*d + 7 = -5*z. Suppose -6*c = 4*v - c - 6605, -6626 = -4*v + d*c. Is v prime?
False
Let v = 53722 - 28331. Is v prime?
True
Let v = -162141 + 83103. Is v/(-45)*(-10)/(-4) prime?
True
Suppose -3*a = -4*b - 278195, 0*b = -4*a + 5*b + 370928. Is a a composite number?
False
Let z(l) = -3*l - 43. Let n be z(-16). Let a be 122/(-8) + (-35)/20 + 2. Is n/(a/1257)*-1 a composite number?
False
Suppose -4*x = -50 + 98. Is ((-2)/x + 22060/(-24))/(-1) a composite number?
False
Let a(z) = 15*z - 250. Let n be a(17). Let b(q) = 26*q**3 + 7*q**2 - 3*q + 5. Is b(n) prime?
False
Let r = -1975 + 5014. Let d = r + -891. Let h = d - 1253. Is h a composite number?
True
Suppose 82*a + 1338951 - 4617556 = 27*a. Is a composite?
False
Let p(q) = -2*q**3 - 61*q**2 + 1082*q - 67. Is p(-56) prime?
True
Let b = -5379 - -27053. Is b a composite number?
True
Suppose -q - 6 = -f, -q + 10 = -4*f + 28. Let d be (-1)/f + (-300)/(-48). Is (22/d)/(3/27) a composite number?
True
Suppose -5030364 = -26*z + 3195074. Is z a prime number?
True
Is 130/182 - ((-16)/(-32) - (-12158630)/(-28)) a composite number?
False
Suppose -2*d + 13*d = 16*d - 424855. Is d a prime number?
False
Let g = -28 - -31. Let h be 0 + 2 - 6/(g + -1). Is (h - -2)/((-10)/(-1310)) prime?
True
Let l(v) = -2614*v - 4639. Is l(-49) a prime number?
False
Suppose 0*d - 11148 = -12*d. Is d + ((-4)/6)/((-26)/(-117)) prime?
False
Let o be -158*(10/4 - 3). Suppose -20*d + 19*d + o = 0. Is d a composite number?
False
Let i(s) = 32*s**3 + 7*s - 7. Let q be i(2). Suppose -261*w = -q*w + 1346. Is w prime?
True
Let x(z) = -z**3 + 6*z**2 - 28*z - 286. Is x(-10) prime?
False
Suppose -f = -3*g - 20590, -21*g = 3*f - 16*g - 61784. Is f composite?
False
Let i(p) = p**2 - 2*p + 3. Let b be i(5). Let o(g) = -18*g + 4*g**3 - 13*g**3 + 10*g**2 + 0*g**3 - 16*g**2 - 10 + 10*g**3. Is o(b) prime?
False
Suppose -24 - 1761 = -15*y. Suppose 2*h + 0*g = g - 16, h + 3*g = -22. Is (y/(-14) - -6)*7204/h a composite number?
False
Let b = -1052 - -3477. Suppose -19*x + 24*x = b. Is x prime?
False
Let u(m) be the first derivative of -32 + 4/3*m**3 + 8*m**4 - 2*m**2 + m. Is u(3) a prime number?
False
Let x(u) = 14666*u**3 + 4*u**2 - 26*u - 21. Is x(4) composite?
False
Suppose 2*z + 142 = 464. Let a = z - 242. Let n = -34 - a. Is n a prime number?
True
Let k(g) = -2*g**2 + 2*g. Suppose 0 = v + 2*d, -4*v = -2*v + 2*d - 2. Let j be k(v). Is ((-40)/12 - j)/(4/1266) a composite number?
False
Suppose 12 = -79*p + 77*p. Is (p - 308889/(-28)) + (-5)/(-4) composite?
False
Suppose 0 = 1154*f - 1153*f + 6, -3*q = 5*f - 128613. Is q composite?
True
Let d = -44159 + 78282. Is d a prime number?
True
Suppose 2*h + 7 = d - 3, -5*d = 4*h + 6. Suppose 0 = -4*c - 4*o + 28, 3*c + d*o - 6*o + 7 = 0. Is 6*(2 - 1403/(-3)) - c a composite number?
True
Let y be 33/3 - 2*3. Suppose 0 = 3*n + y*m - 5516, -1799 - 5546 = -4*n + 3*m. Is n prime?
False
Suppose 138 = 5*g - m, 7*m = -4*g + 5*m + 102. Suppose -g*a + 7*a = -137960. Is a composite?
True
Suppose 112 - 90 = 11*c. Suppose -3*b + 18825 = -2*b + c*l, -75324 = -4*b - 2*l. Is b prime?
False
Suppose -622334 = -109*s + 483689. Is s composite?
True
Suppose 9*b + 13599 - 3717 = 0. Let z = 2036 - b. Let x = z + -1573. Is x composite?
True
Let i = -40 + 25. Let u(s) = -s**3 - 15*s**2 - s - 18. Let h be u(i). Is -2*(-8196)/(-8)*1/h composite?
False
Let m = 108 + -110. Is m/(-7) + (-479325)/(-147) a composite number?
True
Let l be (-1)/(-2) - (63/(-18) + -3). Suppose -l*j - 14*j = -77007. Is j prime?
False
Let g(p) be the first derivative of -780*p**2 + 93*p + 15. Is g(-7) a prime number?
False
Let w(z) = -304*z + 5. Let h(o) = o**3 + 3*o**2 + 11*o + 12. Let x be h(-2). Is w(x) a prime number?
False
Let l(s) = s**2 - 6*s + 7. Let r be l(5). Let b be (28/49)/(r/7). Suppose -b*p + 254 = -28. Is p a prime number?
False
Suppose -d + 61 = -3*c, 2*d + 11 + 21 = -c. Let w = c + 177. Suppose w = 6*k - k. Is k a prime number?
True
Let t(i) = 12810*i**2 - 49*i + 48. Is t(1) composite?
False
Let h(d) be the first derivative of 9*d**4/2 - d**3 + d**2/2 + 5*d - 136. Is h(3) prime?
True
Suppose -3*q + 2*o = -30, 50 = 3*q + 2*q - 5*o. Let g be -1 + (-5)/(q/666). Let a = 585 + g. Is a prime?
True
Let n = -254244 - -444479. Is n prime?
False
Suppose -g - 4862 - 7343 = -4*o, 4*g = -4. Let s = o + -1982. Is s composite?
False
Suppose -r + 19 - 23 = 0, -5*r = -k + 5026. Is k a prime number?
False
Suppose 2471 = -7*x + 8*x. Let h = 3974 - x. Suppose o + 2*t - h = 0, o + 2*t - 1512 = 3*t. Is o prime?
False
Suppose -2 - 8 = -10*x. Is (-16123)/23*(0 - x) a prime number?
True
Suppose 198123 = -83*y + 6987938. Is y a prime number?
False
Let s(h) be the second derivative of h**5/20 - 5*h**4/4 - h**3/6 + 15*h**2/2 - 9*h. Let o be s(15). Suppose 3*q - q - 844 = o. Is q a prime number?
False
Let w(o) = 996*o**3 + 12*o**2 + 8*o + 11. Let r(d) = -2988*d**3 - 34*d**2 - 24*d - 32. Let b(x) = 4*r(x) + 11*w(x). Is b(-2) a prime number?
False
Let l(y) = 2*y**3 + 12*y**2 - 5*y - 43. Suppose -10*u + 213 = 13. Let r(d) = 4*d - 72. Let q be r(u). Is l(q) a composite number?
False
Let z(y) = -3*y**2 - 6*y - 2. Let x be z(-1). Suppose -2*r + 7 = 4*s - x, -3*r = 3*s - 6. Is (6/s)/(-1) - (-3903 - -1) a composite number?
True
Suppose 84*z = 62*z + 1754771 + 101523. Is z prime?
True
Let y(s) = 4049*s**2 - 3*s - 3. Let o(m) = -2*m**2 - 6 + 35*m**3 - 67*m**3 - 3 + 33*m**3 + 4*m. Let t be o(2). Is y(t) a prime number?
True
Let r(w) = 3*w**2 + w - 67. Let y(j) = -3*j**2 - j + 67. Let p(v) = -5*r(v) - 6*y(v). Is p(-18) prime?
True
Let s(q) = -q**3 - 5*q**2 + 7*q + 26. Suppose -5*c + 12 - 37 = 0. Let k be s(c). Is (-24)/(-16)*3*(-1706)/k a composite number?
False
Suppose -89*i + 158*i - 276 = 0. Suppose 2201 = 4*o + 3*z - 8634, -2*o = 2*z - 5418. Suppose -4*k + o = -h, 6*k = 3*k + i*h + 2031. Is k a prime number?
True
Let z = -89785 + 205014. Is z prime?
False
Let c be (4/(-10))/((-9333)/1035 + 9). Suppose 0 = 4*j - 16, -3*d + 2239 = -c*j + 24*j. Is d a prime number?
False
Suppose -9*y + 274329 = -0*y. Suppose -2*i - 15*i = -y. Is i composite?
True
Let d = 105 - 62. Let y = 43 - d. Suppose y = 5*a + a - 20958. Is a composite?
True
Suppose 22 = 7*r + 8. Suppose -r = -5*z - 22, -4*y = -2*z - 24492. Is y a composite number?
False
Let r = 3220 + 7993. Is r a composite number?
False
Suppose y + 3 = 3. Suppose 6*f - 6 + 6 = y. Suppose 4*x - 5604 = -2*h, f*x + 4*x - h - 5604 = 0. Is x composite?
True
Let d(c) = -9010*c - 3041. Is d(-7) composite?
False
Let p = 5924 - -95739. Is p prime?
True
Suppose -12 + 3 = -3*j. Is (j - 1)*3/(18/5403) a prime number?
True
Let v = -78 + 80. Is (v + -1)/((-62658)/(-12531) + -5) prime?
True
Is (-3)/(150/(-13078555)) - 11/110 a composite number?
True
Let n(v) = -2*v - 3. Let u be n(0). Let j = -3 - u. Suppose h + h = -4*z + 4242, 4*z + 4*h - 4240 = j. Is z a composite number?
False
Suppose 7*r = 11*r + 2*n - 38922, 0 = 4*r - 2*n - 38942. Suppose h = 3*d + 1933, -r = -5*h - d - d. Is h prime?
False
Suppose 0 = 4*u + 7*u - 33. Suppose 2*h = l - 16079, -u*l - 4*h + 48215 = h. Suppose -6*x + 8219 = -l. Is x composite?
False
Let h = -23748 - -77687. Is h a composite number?
False
Let l(o) = o**3 - 4*o**2 - 20. Let n be l(5). Suppose -4*s + 15760 = -3*c, -n*s - 9*c + 19723 = -7*c. Is s composite?
False
Is (-55447119)/(-286) - 3/66 a composite number?
False
Suppose 7123 = 3*a 